{"id":9,"date":"2015-12-19T17:03:46","date_gmt":"2015-12-19T17:03:46","guid":{"rendered":"http:\/\/schulze.geest-verlag.de\/?page_id=9"},"modified":"2015-12-19T17:03:46","modified_gmt":"2015-12-19T17:03:46","slug":"startseite","status":"publish","type":"page","link":"https:\/\/schulze.geest-verlag.de\/","title":{"rendered":"Startseite"},"content":{"rendered":"<p><strong>\u201eIch f\u00fchle mich in der ganzen Welt zu Hause, wo es Wolken und V\u00f6gel und Menschentr\u00e4nen gibt.\u201c Rosa Luxemburg <\/strong><\/p>\n<p>Herzlich willkommen auf der homepage von Heiko Schulze. Im Mittelpunkt dieser Seiten steht das literarische Schaffen, wobei literarisches und politisches Wirken ineinander \u00fcbergehen. Sollten Sie R\u00fcckfragen haben, Lesungsw\u00fcnsche etc., mailen oder rufen Sie mich einfach an. Ich freue mich auf Ihren Kontakt.<\/p>\n","protected":false},"excerpt":{"rendered":"<p>\u201eIch f\u00fchle mich in der ganzen Welt zu Hause, wo es Wolken und V\u00f6gel und Menschentr\u00e4nen gibt.\u201c Rosa Luxemburg Herzlich willkommen auf der homepage von Heiko Schulze. Im Mittelpunkt dieser Seiten steht das literarische&#46;&#46;&#46;<\/p>\n","protected":false},"author":1,"featured_media":0,"parent":0,"menu_order":0,"comment_status":"closed","ping_status":"closed","template":"","meta":[],"_links":{"self":[{"href":"https:\/\/schulze.geest-verlag.de\/index.php?rest_route=\/wp\/v2\/pages\/9"}],"collection":[{"href":"https:\/\/schulze.geest-verlag.de\/index.php?rest_route=\/wp\/v2\/pages"}],"about":[{"href":"https:\/\/schulze.geest-verlag.de\/index.php?rest_route=\/wp\/v2\/types\/page"}],"author":[{"embeddable":true,"href":"https:\/\/schulze.geest-verlag.de\/index.php?rest_route=\/wp\/v2\/users\/1"}],"replies":[{"embeddable":true,"href":"https:\/\/schulze.geest-verlag.de\/index.php?rest_route=%2Fwp%2Fv2%2Fcomments&post=9"}],"version-history":[{"count":1,"href":"https:\/\/schulze.geest-verlag.de\/index.php?rest_route=\/wp\/v2\/pages\/9\/revisions"}],"predecessor-version":[{"id":10,"href":"https:\/\/schulze.geest-verlag.de\/index.php?rest_route=\/wp\/v2\/pages\/9\/revisions\/10"}],"wp:attachment":[{"href":"https:\/\/schulze.geest-verlag.de\/index.php?rest_route=%2Fwp%2Fv2%2Fmedia&parent=9"}],"curies":[{"name":"wp","href":"https:\/\/api.w.org\/{rel}","templated":true}]}}